{"id":2005,"date":"2019-10-17T11:39:49","date_gmt":"2019-10-17T09:39:49","guid":{"rendered":"http:\/\/www.wineandweather.net\/?page_id=2005"},"modified":"2019-10-17T11:42:42","modified_gmt":"2019-10-17T09:42:42","slug":"2005-2","status":"publish","type":"page","link":"https:\/\/www.wineandweather.net\/?page_id=2005","title":{"rendered":"Vremenske postaje"},"content":{"rendered":"\n<p>Vremenske postaje (za\u010dasen dostop):<\/p>\n\n\n<p>Vremenska postaja Kojsko<br><a href=\"http:\/\/www.wineandweather.net\/vpkojsko\/Current_Vantage_Pro.html\" target=\"_blank\" rel=\"noopener noreferrer\"><img loading=\"lazy\" decoding=\"async\" src=\"http:\/\/www.wineandweather.net\/Foto\/Sara\/kojsko.jpg\" alt=\"Enomarket Kojsko\" width=\"170\" height=\"45\"><\/a><br>Vremenska postaja Hum<br><a href=\"http:\/\/www.wineandweather.net\/vphum\/summary.gif\" target=\"_blank\" rel=\"noopener noreferrer\"><img loading=\"lazy\" decoding=\"async\" src=\"http:\/\/www.wineandweather.net\/Foto\/Sara\/hum.jpg\" alt=\"Hum Njivice\" width=\"170\" height=\"45\"><\/a><br>Vremenska postaja Biljana<br><a href=\"http:\/\/www.bjana.net\" target=\"_blank\" rel=\"noopener noreferrer\"><img loading=\"lazy\" decoding=\"async\" src=\"http:\/\/www.wineandweather.net\/Foto\/Sara\/bjana.jpg\" alt=\"bjana.net\" width=\"170\" height=\"45\"><\/a><br>Vremenska postaja Casino Venko<br><a href=\"http:\/\/vreme.venko.si\" target=\"_blank\" rel=\"noopener noreferrer\"><img loading=\"lazy\" decoding=\"async\" src=\"http:\/\/www.wineandweather.net\/Foto\/Sara\/venko.jpg\" alt=\"Vremenska postaja Neblo\" width=\"170\" height=\"45\"><\/a><br>Vremenska postaja Korada<br><a href=\"http:\/\/www.wineandweather.net\/vpkorada\/\" target=\"_blank\" rel=\"noopener noreferrer\"><img loading=\"lazy\" decoding=\"async\" src=\"http:\/\/www.wineandweather.net\/Foto\/Sara\/korada.jpg\" alt=\"Korada 812m\" width=\"170\" height=\"45\"><\/a><br>Vremenska postaja Dolgi Laz<br><a href=\"http:\/\/www.wineandweather.net\/vpvetrnik\/Current_Vantage_Pro.htm\" target=\"_blank\" rel=\"noopener noreferrer\"><img loading=\"lazy\" decoding=\"async\" src=\"http:\/\/www.wineandweather.net\/Foto\/Sara\/vetrnik.jpg\" alt=\"Vetrnik 888m\" width=\"170\" height=\"45\"><\/a><br>Vremenska postaja Paljevo<br><a href=\"http:\/\/www.wineandweather.net\/VPPaljevo\/Current_Vantage_Pro.htm\" target=\"_blank\" rel=\"noopener noreferrer\"><img loading=\"lazy\" decoding=\"async\" src=\"http:\/\/www.wineandweather.net\/Foto\/Sara\/paljevo.jpg\" alt=\"Vremenska postaja Paljevo\" width=\"170\" height=\"45\"><\/a><br>Vremenska postaja Plave<br><a href=\"http:\/\/www.wineandweather.net\/vpplave\/Current_Vantage_Pro.htm\" target=\"_blank\" rel=\"noopener noreferrer\"><img loading=\"lazy\" decoding=\"async\" src=\"http:\/\/www.wineandweather.net\/Foto\/Sara\/banner_plave.jpg\" alt=\"Vremenska postaja Plave\" width=\"170\" height=\"45\"><\/a><br>Vremenska postaja Ravna pri Ligu<br><a href=\"http:\/\/ravna.zevs.si\" target=\"_blank\" rel=\"noopener noreferrer\"><img loading=\"lazy\" decoding=\"async\" src=\"http:\/\/www.wineandweather.net\/Foto\/Sara\/ravna.jpg\" alt=\"Vremenska postaja Ravna pri Ligu\" width=\"170\" height=\"45\"><\/a><br>Vremenska postaja Gorenje Polje<br><a href=\"http:\/\/www.weatherlink.com\/user\/salonitvp\/index.php?view=summary&amp;headers=1\" target=\"_blank\" rel=\"noopener noreferrer\"><img loading=\"lazy\" decoding=\"async\" src=\"http:\/\/www.wineandweather.net\/Foto\/Sara\/gorpolje.jpg\" alt=\"Vremenska postaja Gorenje Polje - Anhovo\" width=\"170\" height=\"45\"><\/a><br>Vremenska postaja Deskle<br><a href=\"http:\/\/vreme-deskle.slohosting.com\/\" target=\"_blank\" rel=\"noopener noreferrer\"><img loading=\"lazy\" decoding=\"async\" src=\"http:\/\/www.wineandweather.net\/Foto\/Sara\/deskle.jpg\" alt=\"Vremenska postaja Deskle\" width=\"170\" height=\"45\"><\/a><br>Vremenska postaja Okroglo<br><a href=\"http:\/\/www.okroglovreme.com\/\" target=\"_blank\" rel=\"noopener noreferrer\"><img loading=\"lazy\" decoding=\"async\" src=\"http:\/\/www.wineandweather.net\/Foto\/Sara\/okroglo.jpg\" alt=\"Okroglo - Kal nad Kanalom\" width=\"170\" height=\"45\"><\/a><\/p>\n\n\n<p>Zaradi te\u017eav s spletno stranjo smo uredili za\u010dasen dostop do stranskega menuja v tej obliki. Te\u017eave odpravljamo in upamo, da bo stara oblika strani kmalu spet dostopna. Za te\u017eave se vam iskreno opravi\u010dujemo.<\/p>\n","protected":false},"excerpt":{"rendered":"<p>Vremenske postaje (za\u010dasen dostop): Vremenska postaja KojskoVremenska postaja HumVremenska postaja BiljanaVremenska postaja Casino VenkoVremenska postaja KoradaVremenska postaja Dolgi LazVremenska postaja PaljevoVremenska postaja PlaveVremenska postaja Ravna pri LiguVremenska postaja Gorenje PoljeVremenska postaja DeskleVremenska postaja Okroglo Zaradi te\u017eav s spletno stranjo smo uredili za\u010dasen dostop do stranskega menuja v tej obliki. Te\u017eave odpravljamo in upamo, da bo [&hellip;]<\/p>\n","protected":false},"author":1,"featured_media":0,"parent":0,"menu_order":0,"comment_status":"closed","ping_status":"closed","template":"","meta":{"footnotes":""},"_links":{"self":[{"href":"https:\/\/www.wineandweather.net\/index.php?rest_route=\/wp\/v2\/pages\/2005"}],"collection":[{"href":"https:\/\/www.wineandweather.net\/index.php?rest_route=\/wp\/v2\/pages"}],"about":[{"href":"https:\/\/www.wineandweather.net\/index.php?rest_route=\/wp\/v2\/types\/page"}],"author":[{"embeddable":true,"href":"https:\/\/www.wineandweather.net\/index.php?rest_route=\/wp\/v2\/users\/1"}],"replies":[{"embeddable":true,"href":"https:\/\/www.wineandweather.net\/index.php?rest_route=%2Fwp%2Fv2%2Fcomments&post=2005"}],"version-history":[{"count":5,"href":"https:\/\/www.wineandweather.net\/index.php?rest_route=\/wp\/v2\/pages\/2005\/revisions"}],"predecessor-version":[{"id":2011,"href":"https:\/\/www.wineandweather.net\/index.php?rest_route=\/wp\/v2\/pages\/2005\/revisions\/2011"}],"wp:attachment":[{"href":"https:\/\/www.wineandweather.net\/index.php?rest_route=%2Fwp%2Fv2%2Fmedia&parent=2005"}],"curies":[{"name":"wp","href":"https:\/\/api.w.org\/{rel}","templated":true}]}}